{"id":57865,"date":"2026-04-18T08:29:52","date_gmt":"2026-04-18T08:29:52","guid":{"rendered":"https:\/\/odensehobby.dk\/?post_type=product&#038;p=57865"},"modified":"2026-04-18T10:51:02","modified_gmt":"2026-04-18T10:51:02","slug":"048067-002-habbins-354-skydevaegsvogn","status":"publish","type":"product","link":"https:\/\/odensehobby.dk\/index.php\/product\/048067-002-habbins-354-skydevaegsvogn\/","title":{"rendered":"048067-002  Habbins 354 skydev\u00e6gsvogn"},"content":{"rendered":"<p>Marklin<\/p>\n<p>Habbins 354 skydev\u00e6gsvogn<\/p>\n<p>Prototype: Fireakslede skydev\u00e6gvogn type Habbins 354 fra DB Cargo, indregistreret i Tyskland. Udf\u00f8relse med udvendige vandrette svejsede forst\u00e6rkninger af skydev\u00e6ggene og uden h\u00e5ndhjul til parkeringsbremse. Med st\u00e6rke tegn p\u00e5 aldring.<\/p>\n<p>Model: Justerbare buffere og bogier. Meget \u00e6ldet. Alle vogne individuelt pakket i ekstra ydre emballage. L\u00e6ngde over buffere pr. vogn ca. 26,7 cm. DC hjuls\u00e6t E700580.<\/p>\n","protected":false},"excerpt":{"rendered":"<p>Habbins 354 skydev\u00e6gsvogn<\/p>\n","protected":false},"featured_media":57861,"template":"","meta":[],"product_brand":[],"product_cat":[505],"product_tag":[],"class_list":{"0":"post-57865","1":"product","2":"type-product","3":"status-publish","4":"has-post-thumbnail","6":"product_cat-godsvogne-marklin","8":"first","9":"instock","10":"sale","11":"taxable","12":"shipping-taxable","13":"purchasable","14":"product-type-simple"},"_links":{"self":[{"href":"https:\/\/odensehobby.dk\/index.php\/wp-json\/wp\/v2\/product\/57865","targetHints":{"allow":["GET"]}}],"collection":[{"href":"https:\/\/odensehobby.dk\/index.php\/wp-json\/wp\/v2\/product"}],"about":[{"href":"https:\/\/odensehobby.dk\/index.php\/wp-json\/wp\/v2\/types\/product"}],"wp:featuredmedia":[{"embeddable":true,"href":"https:\/\/odensehobby.dk\/index.php\/wp-json\/wp\/v2\/media\/57861"}],"wp:attachment":[{"href":"https:\/\/odensehobby.dk\/index.php\/wp-json\/wp\/v2\/media?parent=57865"}],"wp:term":[{"taxonomy":"product_brand","embeddable":true,"href":"https:\/\/odensehobby.dk\/index.php\/wp-json\/wp\/v2\/product_brand?post=57865"},{"taxonomy":"product_cat","embeddable":true,"href":"https:\/\/odensehobby.dk\/index.php\/wp-json\/wp\/v2\/product_cat?post=57865"},{"taxonomy":"product_tag","embeddable":true,"href":"https:\/\/odensehobby.dk\/index.php\/wp-json\/wp\/v2\/product_tag?post=57865"}],"curies":[{"name":"wp","href":"https:\/\/api.w.org\/{rel}","templated":true}]}}